site?
False
Is 2459 a composite number?
False
Is 265777 prime?
False
Is 162703 prime?
True
Is 358531 composite?
False
Is 9134 a composite number?
True
Is 1847 prime?
True
Is 693893 prime?
False
Is 199046 composite?
True
Is 30367 prime?
True
Is 19793 a prime number?
True
Is 45439 a prime number?
True
Is 1357333 a prime number?
True
Is 14777 prime?
False
Is 1139 composite?
True
Is 88589 prime?
True
Is 42335 a prime number?
False
Is 742607 composite?
False
Is 156419 a composite number?
False
Is 210151 a prime number?
False
Is 177999 a prime number?
False
Is 71569 a prime number?
True
Is 449 a prime number?
True
Is 29479 composite?
True
Is 4141 composite?
True
Is 252421 a prime number?
False
Is 32099 a prime number?
True
Is 39293 a prime number?
True
Is 125365 a prime number?
False
Is 25429 composite?
True
Is 73093 a prime number?
False
Is 419 composite?
False
Is 194569 a prime number?
True
Is 6297 prime?
False
Is 160847 a prime number?
False
Is 46337 composite?
False
Is 2041 a composite number?
True
Is 534829 prime?
False
Is 24737 a composite number?
True
Is 7621 a composite number?
False
Is 399677 a prime number?
True
Is 3947 prime?
True
Is 26449 composite?
False
Is 19373 a composite number?
False
Is 17011 prime?
True
Is 6779 a prime number?
True
Is 48031 a composite number?
True
Is 106073 composite?
True
Is 429719 a prime number?
True
Is 121421 prime?
True
Is 285443 prime?
False
Is 82457 composite?
False
Is 817111 prime?
True
Is 1033631 a prime number?
True
Is 23099 a composite number?
False
Is 112231 a composite number?
True
Is 327 prime?
False
Is 393067 a composite number?
True
Is 13931 a composite number?
False
Is 305281 composite?
False
Is 4716913 a composite number?
False
Is 7901 a prime number?
True
Is 60937 a prime number?
True
Is 10237 a composite number?
True
Is 5305 a prime number?
False
Is 112345 composite?
True
Is 14969 composite?
False
Is 26141 a composite number?
False
Is 131039 a prime number?
False
Is 44391 composite?
True
Is 306359 a prime number?
True
Is 21661 a prime number?
True
Is 32353 a prime number?
True
Is 102203 a composite number?
False
Is 444161 composite?
True
Is 39281 prime?
False
Is 114883 composite?
False
Is 13033 prime?
True
Is 32297 a composite number?
False
Is 711131 composite?
False
Is 205229 a composite number?
True
Is 238718 a prime number?
False
Is 161159 prime?
True
Is 24007 composite?
False
Is 228383 a composite number?
False
Is 187743 a prime number?
False
Is 397253 prime?
True
Is 35821 prime?
False
Is 15009 prime?
False
Is 120709 a composite number?
False
Is 170441 prime?
True
Is 43327 a prime number?
False
Is 24007 a composite number?
False
Is 97 prime?
True
Is 95677 a prime number?
False
Is 2240303 a prime number?
False
Is 4511 composite?
True
Is 318713 prime?
True
Is 779477 a composite number?
False
Is 22301 prime?
False
Is 889 a composite number?
True
Is 18743 composite?
False
Is 9239 prime?
True
Is 29335 a composite number?
True
Is 7415 a prime number?
False
Is 231643 composite?
False
Is 40591 a prime number?
True
Is 2443 a composite number?
True
Is 2140231 composite?
False
Is 136831 a composite number?
True
Is 15121 a prime number?
True
Is 522719 a composite number?
False
Is 5731 a composite number?
True
Is 159337 composite?
False
Is 72382 a composite number?
True
Is 375883 composite?
True
Is 52667 prime?
True
Is 1418627 prime?
False
Is 23149 composite?
True
Is 12622 prime?
False
Is 87509 composite?
False
Is 139261 composite?
True
Is 371263 a composite number?
True
Is 2654083 a prime number?
True
Is 5331 a composite number?
True
Is 22669 prime?
True
Is 4195 a prime number?
False
Is 346121 a prime number?
False
Is 507487 a composite number?
True
Is 3462263 prime?
False
Is 170263 composite?
False
Is 2163049 a composite number?
True
Is 1623 prime?
False
Is 288461 composite?
False
Is 62773 prime?
True
Is 14143 prime?
True
Is 81511 composite?
True
Is 11249 prime?
False
Is 3875501 a composite number?
True
Is 664085 prime?
False
Is 144517 a prime number?
False
Is 1562321 composite?
True
Is 3011 a composite number?
False
Is 90853 composite?
True
Is 2059 a prime number?
False
Is 112741 composite?
False
Is 42213 a prime number?
False
Is 57003 prime?
False
Is 4987 a prime number?
True
Is 23357 a composite number?
False
Is 1746203 composite?
False
Is 137091 prime?
False
Is 1985 composite?
True
Is 7150315 a prime number?
False
Is 38881 a prime number?
False
Is 57053 a composite number?
True
Is 1380395 prime?
False
Is 14699 prime?
True
Is 196429 composite?
False
Is 104287 a composite number?
False
Is 80267 composite?
True
Is 103273 composite?
True
Is 63398 composite?
True
Is 6299 a composite number?
False
Is 371 a composite number?
True
Is 793742 a composite number?
True
Is 315071 composite?
True
Is 258607 a prime number?
True
Is 231107 a composite number?
False
Is 190979 a prime number?
True
Is 1158697 a composite number?
True
Is 897719 prime?
False
Is 55763 a composite number?
False
Is 46783 a composite number?
True
Is 174169 prime?
True
Is 47777 composite?
False
Is 1579181 a prime number?
False
Is 809 composite?
False
Is 7039 a composite number?
False
Is 114151 a composite number?
True
Is 182387 composite?
False
Is 288179 composite?
False
Is 6731 prime?
False
Is 2921 prime?
False
Is 142097 a prime number?
True
Is 53213 prime?
False
Is 2213455 composite?
True
Is 1850243 a composite number?
False
Is 110359 prime?
True
Is 8203 composite?
True
Is 47501 a composite number?
False
Is 639329 prime?
True
Is 1103 a composite number?
False
Is 1110641 a prime number?
False
Is 746 composite?
True
Is 46649 a composite number?
False
Is 84262 prime?
False
Is 7286 a composite number?
True
Is 166715 a composite number?
True
Is 225229 prime?
False
Is 12439 a prime number?
False
Is 9143 prime?
False
Is 15551 a composite number?
False
Is 29441 composite?
True
Is 296441 a prime number?
True
Is 18353 a composite number?
False
Is 3874519 a prime number?
False
Is 24319 a composite number?
True
Is 256283 a composite number?
True
Is 36341 composite?
False
Is 237257 composite?
False
Is 2874559 a prime number?
True
Is 1727 a composite number?
True
Is 68545 a composite number?
True
Is 10771 composite?
False
Is 383257 a prime number?
False
Is 12421 a composite number?
False
Is 365557 prime?
True
Is 323699 composite?
False
Is 47315 a composite number?
True
Is 603977 prime?
False
Is 46633 a composite number?
False
Is 123853 composite?
False
Is 66959 a composite number?
False
Is 234083 composite?
False
Is 286973 composite?
False
Is 65183 a prime number?
True
Is 5807 prime?
True
Is 51079 a prime number?
False
Is 1323689 a prime number?
True
Is 179509 composite?
True
Is 27173 composite?
True
Is 4619 a prime number?
False
Is 13381 a composite number?
False
Is 13397 a prime number?
True
Is 37189 a composite number?
False
Is 2633 a composite number?
False
Is 25642 a composite number?
True
Is 323823 a prime number?
False
Is 116381 a composite number?
False
Is 2477 a composite number?
False
Is 92969 composite?
True
Is 28513 a prime number?
True
Is 62171 composite?
False
Is 19001 a composite number?
False
Is 3254 a composite number?
True
Is 35969 a composite number?
False
Is 436819 composite?
False
Is 111301 a prime number?
True
Is 7747 a prime number?
False
Is 253229 composite?
False
Is 6673 a prime number?
True
Is 264009 a prime number?
False
Is 218737 composite?
False
Is 8501 a prime number?
True
Is 112417 prime?
False
Is 738937 composite?
False
Is 7103 a composite number?
False
Is 15401 prime?
True
Is 5903 a prime number?
True
Is 34753 prime?
False
Is 15787 prime?
True
Is 54083 a prime number?
True
Is 580093 composite?
False
Is 26669 a composite number?
False
Is 23683 a prime number?
False
Is 151006 a composite number?
True
Is 305017 composite?
False
Is 1151 composite?
False
Is 40927 prime?
True
Is 14503 a composite number?
False
Is 110521 a composite number?
True
Is 359363 a prime number?
False
Is 28001 a prime number?
True
Is 194 a prime number?
False
Is 60209 a composite number?
False
Is 11533 prime?
False
Is 467 prime?
True
Is 37078 prime?
False
Is 25183 a prime number?
True
Is 1391153 prime?
False
Is 297218 a composite number?
True
Is 929 a composite number?
False
Is 37106 a prime number?
False
Is 1081723 composite?
False
Is 8779 comp